 3644 = 0, -2*d - 3*z - 2181 = d. Let v = d + 1028. Is v a composite number?
True
Is -4 + (-111*264)/(-8) composite?
False
Let j(b) = b**3 - 6*b**2 - 8*b - 11. Let c be j(8). Suppose 506 = f + 3*r, 3*f - 1417 - c = 3*r. Suppose f + 1609 = 3*i. Is i prime?
True
Suppose -4*v - 30 = -2*o, -v - 2*o + 0 - 10 = 0. Let a = -7 - v. Let p(s) = 95*s**3 - s**2 + s. Is p(a) composite?
True
Suppose -5*v + w = -120, 0*w - 72 = -3*v - 5*w. Suppose -3*d = d + v. Is (-2)/d + 3836/21 a composite number?
True
Suppose -4*n - 28 + 4 = -4*z, -3*z - 3*n - 6 = 0. Let i be z - (-2 + 1 + 1). Suppose 79 = -c + i*c. Is c composite?
False
Let q = -41697 - -72760. Is q prime?
True
Is (-1509165)/(-63) + 2*-1 a composite number?
True
Let b be 0 + 4 - 48/24. Suppose -4*n + b*o = -11302, -4*n - o = 941 - 12252. Is n prime?
False
Suppose 0 = 2*r + 4*r - 12. Is ((-279)/r)/3*-2 a prime number?
False
Let b be 2/((-1)/(-5)*1). Let r(c) = 2*c**3 + c - 11*c**2 + b - c - 3*c**3. Is r(-11) a composite number?
True
Let g(c) = 195*c - 1. Let j be g(4). Let b = j + -472. Is b prime?
True
Let h be 8/3*(-3)/(-2). Is -1 - -204 - (h - 4) composite?
True
Let r = 109 - -54. Is r composite?
False
Suppose -4*j + 4*f = -20, 3*f + 2 = 5*j - 13. Suppose q + 4*q - 20 = j. Suppose l - 3*t - 329 = t, q*t + 1003 = 3*l. Is l prime?
True
Let r = -63755 - -95062. Is r a prime number?
True
Let m(b) = 2*b**3 - 14*b**2 + 2*b - 6. Let w be m(10). Suppose -2*q + w = -0*q. Is q a composite number?
False
Let h = 2268 - 1347. Suppose 9*r - h = 6*r. Is r a prime number?
True
Suppose -3*a + a = -h + 273, a + 3*h = -154. Let r = -10 - -520. Let s = r + a. Is s a composite number?
True
Let h be 0 - (-382 + -4) - -4. Is ((-1)/(-3))/(2/h) prime?
False
Suppose -4*i = 3*a - 105584 - 506609, 5*i = -25. Is a a composite number?
True
Let g(p) be the first derivative of p**4/4 - 3*p**3 - 6*p**2 + 27*p - 40. Is g(14) composite?
False
Let c = -18 - -30. Suppose -c*q = -16*q + 44. Is q composite?
False
Suppose -6*b = -5344 - 914. Is b prime?
False
Let x(b) = -2*b**3 - 4*b**2 - 3*b. Let d be x(-2). Let p be (-2)/4*(d + 0). Is 160 - 1/(-1)*p a prime number?
True
Let v be (181/(-2))/((-7)/(-14)). Let l = v - 123. Let r = 513 + l. Is r a composite number?
True
Let q(z) = z**2 - z + 4. Suppose h + 2*h = 0. Let m be q(h). Suppose 4*u - 3*u - 19 = 3*n, m*n = 2*u - 46. Is u prime?
True
Let g(n) = 2*n - 10. Suppose 8 = -3*q + 23. Let x be g(q). Suppose w - 41 - 52 = x. Is w composite?
True
Let l = -7 + 6. Let t(v) = 474*v**2 - 1. Let w be t(l). Is 20/50 - w/(-5) prime?
False
Let y be -2 + 3 + (-2 - -1) + 0. Suppose -4*l = -7*l - 3*o + 2163, -3*l - 5*o + 2169 = y. Is l composite?
True
Let q(j) = 4*j**2 + j - 1. Let n be q(1). Let h be (1 - 6/8)*n. Is -982*3/(-6)*h a composite number?
False
Let p = -2912 + 4779. Is p a prime number?
True
Suppose -4*a + 14107 = 3*n, 0 = 5*n + 4*a - 9377 - 14148. Is n prime?
False
Let g(d) = 22*d**2 - 9*d - 7. Let h(x) = 2*x**2 + 34*x + 28. Let t be h(-16). Is g(t) a composite number?
True
Suppose -7*h = -0*h - 14. Suppose h*x - 16 = -2*x. Is 1/x + 1890/24 a prime number?
True
Is ((-706055)/14)/(-2*4/16) a prime number?
False
Suppose -3*l + 0 = 6. Let c be 12 - (4 + -3 + l). Suppose 0 = -i + c - 0. Is i composite?
False
Let n(x) = -444*x - 41. Is n(-8) prime?
True
Let p(u) = u**2 - u. Let r(f) = 2*f**2 + 3*f + 10. Let o(w) = -3*p(w) + r(w). Let t be o(7). Suppose 4*c + 2*z - 147 = 687, -t*c + 2*z + 643 = 0. Is c prime?
True
Let s(j) = 2*j**2 - 4*j - 4. Let r be s(-1). Is (1/r)/1*(1913 - 7) prime?
True
Suppose -2*x - 8883 = -5*x. Suppose -7148 = -11*p + x. Is p a composite number?
False
Suppose -2*b + 5996 = 2*b. Let f = b + -826. Is f a composite number?
False
Let y = 10988 - 4359. Is y prime?
False
Suppose z - 137 = -4*l + 67, 3*z - 626 = 2*l. Suppose -5*g - z = -13*g. Is g composite?
True
Let b be 2/(-1)*15/(-15). Suppose 0 = -b*y - 5*h + 13, -2*h - 86 = -7*y + 3*y. Let d = y + -4. Is d composite?
True
Let p = 995 + 5701. Let v = -3973 + p. Is v prime?
False
Suppose -431*w = -429*w - 142282. Is w a composite number?
True
Suppose 0 = 9*l + 37 - 1. Is 2020 + 2 - (-12)/16*l a composite number?
True
Suppose 8*g - 14*g + 5658 = 0. Is g a prime number?
False
Let c be 6*4/(-18)*-3. Let n(o) = o**3 + 7*o**2 - 6*o + 1. Let m be n(1). Is c + (-21)/m + 270 a composite number?
True
Suppose 232*p - 244*p + 219948 = 0. Is p a prime number?
True
Let y(k) = -k**3 - 12*k**2 - 15. Let h be y(-12). Is (-5)/(25/h) - -188 a prime number?
True
Let k(g) = 4*g - 573. Let x(o) = -2*o. Let w(v) = -k(v) + 3*x(v). Is w(0) prime?
False
Let q(d) = 18*d**3 + 9*d**2 - 41*d + 27. Is q(8) prime?
True
Let x = 14 - 8. Suppose 9 = t + x. Suppose 2*r + 5*p = 127 + 56, -t*r = -3*p - 222. Is r prime?
True
Is (-21447941)/(-133) + (18/(-21))/(-3) a composite number?
False
Let q(o) = -22*o**3 - 7*o**2 + 7*o + 11. Is q(-6) composite?
True
Suppose 122 = 2*f - 448. Let x = f + 674. Is x a composite number?
True
Let s = -14 - -16. Suppose s*a - 13 = -3. Suppose -930 = -a*l - 5*g, -8*l + 4*l + 3*g + 737 = 0. Is l a composite number?
True
Suppose -2*s = d - 15337, 0 = -2*d + 7*d + 4*s - 76679. Is d composite?
True
Let g = -1044 - -4837. Is g prime?
True
Let m(a) = 20*a**2 + 32*a - 13. Is m(12) a prime number?
True
Let s be (1 + 0)/((-2)/(-26)). Suppose -s*k = -11*k - 254. Is k a prime number?
True
Let j = 199 - 315. Is (-999)/18*j/6 a composite number?
True
Let p be 8/3 + -1 - 3/(-9). Suppose -g - g + 5*m = -507, -2*m - 504 = -p*g. Is g composite?
False
Suppose -3*x = -2*j - 17345, 13*j - 16*j = -3*x + 17349. Is x composite?
False
Let y be (-14 - 1)*(-138)/(-10). Suppose -4*x - 4*g + 16 = -2*x, 0 = 3*x + 5*g - 21. Is x + 8/4 - y composite?
False
Let q = 51 - -8. Let z = -22 + q. Is z a prime number?
True
Suppose -20*y + 18*y + 12 = 0. Suppose 0 = -3*u - 3*r + 4407, 7*u - 1469 = y*u + r. Is u prime?
False
Let n = 1890 + -1192. Let b = -1826 + n. Is b/(-32) + (-1)/4 prime?
False
Let b(q) = 16*q + 6. Let t be b(8). Suppose -m = m - t. Suppose -64 = -f + m. Is f composite?
False
Is ((-591866)/6)/11*-3 prime?
True
Let p = 3169 - -8682. Is p prime?
False
Let g(d) = -59*d - 39. Let p(q) = -177*q - 117. Let s(b) = -17*g(b) + 6*p(b). Is s(-20) prime?
False
Suppose p + 3*b = 134 + 1043, 0 = 2*p + 7*b - 2355. Is p composite?
True
Suppose -14*y = -10 - 18. Suppose 5*j = -3*d + 1654, -3*j - y*d = -494 - 499. Is j prime?
False
Suppose -57*t + 503133 = 196416. Is t prime?
True
Let a be (-16302)/77 - 4/14. Let m = a - -1627. Is m a prime number?
False
Is 32138 + (-126)/105*(-10)/4 a prime number?
True
Suppose -4*r = -0*s + 2*s - 3938, 5*s - 9880 = -3*r. Is s composite?
False
Let v be (-3)/(-4) + (-18)/24. Suppose -2*f - 3*f = v. Suppose f = -o + 45 + 68. Is o prime?
True
Suppose 7*m = w + 2*m - 52209, -260965 = -5*w - 15*m. Is w a composite number?
True
Let u be (-2431)/(-65) + 2/(-5). Let i = u - 35. Suppose -i*d + 0*d + 2*g + 42 = 0, 0 = 3*d - g - 71. Is d a prime number?
False
Suppose -o - 15 = -4*s, 35 = 2*o + 3*s + 2*s. Suppose -707 = -h - 2*j, j + 4025 = o*h + 523. Is h a prime number?
True
Let p(x) = -116*x + 9. Suppose 0 = 4*y - 2*n - n + 28, 5*n - 20 = 0. Is p(y) a prime number?
False
Let c = -3750 + 5428. Is c composite?
True
Suppose -1 = 2*r - 7. Suppose 3*c + 1046 = g, -935 = -r*g - 4*c + 2268. Is g a composite number?
False
Suppose -2*z - 3*g = 3, 5*z - 2*g - 4 = -2. Suppose 0 = c + 2*l - 143, c - 3*l - l - 161 = z. Is c prime?
True
Suppose 2*q + 4*m + 23 = 69, -2*q + 47 = 5*m. Is (q/(-14) + (-619)/(-4))*8 composite?
True
Let m = -2994 - -4877. Is m prime?
False
Suppose 4*a - 78 - 2 = 0. Let k = a + 15. Suppose -93 = -f - k. Is f a prime number?
False
Suppose -17*b = -4*b - 3133. Suppose 4*v + b = j - 132, -5*j - v = -1907. Is j a prime number?
False
Let d = 158 + -88. Suppose q + 236 = d. Is (39/13)/((-6)/q) prime?
True
Let g be 1 + (-3)/(-3) + 204. Suppose -g = -4*z + 14. Is z composite?
True
Suppose 5*m + u = 43022, -3*m = 4*u - 0*u - 25803. Is m prime?
False
Let n = 1316 - -8145. Is n prime?
True
Suppose 0*d = -2*d. Let t be 95 - ((-4 - d) + 6). Suppose -t = 5*h - 6*h. Is h composite?
True
Is (4227/(-21))/((-1)/7) a composite number?
False
Suppose 0 = -3*c + 5*z - 2383, 0 = 4*c + 4*z + 715 + 2505. Suppose -1847 = -3*w + 2065. Let m = w + c. Is m pr